
1370
What is the greatest common divisor of 992 and 31496?
248
What is the highest common divisor of 53345 and 705?
235
Calculate the greatest common factor of 81 and 18333.
27
Calculate the highest common factor of 130186 and 272.
34
What is the highest common factor of 158928 and 1617?
231
What is the greatest common divisor of 14455 and 1715?
245
What is the greatest common divisor of 1712 and 3913632?
1712
Calculate the highest common divisor of 54565 and 40.
5
What is the greatest common factor of 2106 and 22698?
234
What is the highest common factor of 724478 and 58?
58
Calculate the greatest common divisor of 97 and 193321.
97
What is the greatest common divisor of 114 and 185288?
38
What is the highest common divisor of 64 and 275032?
8
What is the highest common divisor of 180 and 1790?
10
Calculate the highest common factor of 12431 and 248.
31
Calculate the greatest common divisor of 54 and 135612.
18
Calculate the greatest common factor of 48954 and 164.
82
Calculate the greatest common divisor of 13293 and 963.
9
What is the greatest common factor of 100275 and 910?
35
Calculate the highest common divisor of 28073 and 134.
67
What is the highest common divisor of 2193293 and 443?
443
Calculate the highest common divisor of 160593 and 12912.
807
What is the highest common factor of 1419284 and 276?
92
What is the greatest common factor of 1980 and 371580?
660
What is the greatest common divisor of 6476 and 72?
4
Calculate the greatest common divisor of 53225 and 75.
25
What is the greatest common factor of 55 and 197505?
55
Calculate the greatest common divisor of 52 and 4830488.
52
Calculate the greatest common factor of 12903 and 18216.
759
Calculate the highest common factor of 3120 and 345.
15
Calculate the greatest common divisor of 133 and 8227.
19
What is the highest common factor of 1436 and 44?
4
Calculate the greatest common divisor of 742 and 137018.
14
What is the greatest common factor of 9982 and 77?
7
Calculate the highest common factor of 38 and 262.
2
Calculate the greatest common divisor of 625 and 16375.
125
Calculate the greatest common factor of 3284 and 20.
4
Calculate the greatest common divisor of 8110 and 210.
10
Calculate the highest common divisor of 12699 and 3024.
9
What is the greatest common divisor of 396 and 59532?
132
What is the highest common factor of 765 and 3698010?
765
What is the greatest common factor of 136944 and 1728?
432
Calculate the greatest common divisor of 97788 and 58.
58
What is the highest common factor of 64576 and 2?
2
Calculate the highest common factor of 38 and 1216.
38
What is the highest common divisor of 3233 and 350171?
53
What is the highest common factor of 2240 and 23695?
35
Calculate the greatest common divisor of 965375 and 150.
25
Calculate the greatest common divisor of 28 and 15596.
28
What is the highest common divisor of 11256 and 3864?
168
Calculate the highest common divisor of 318480 and 45.
15
Calculate the greatest common factor of 1446 and 6702.
6
Calculate the greatest common factor of 10 and 21535.
5
Calculate the greatest common divisor of 3 and 9102.
3
Calculate the highest common divisor of 3 and 271137.
3
What is the greatest common divisor of 5485 and 685?
5
Calculate the highest common factor of 12075 and 165.
15
What is the highest common factor of 183183 and 183?
183
Calculate the highest common divisor of 102555 and 270.
45
Calculate the greatest common divisor of 3354 and 170898.
78
Calculate the highest common divisor of 4116 and 184191.
1029
Calculate the greatest common factor of 324 and 68268.
12
What is the highest common factor of 157 and 1074351?
157
Calculate the highest common factor of 406 and 928.
58
Calculate the greatest common factor of 187867 and 1258.
17
Calculate the highest common factor of 39445 and 195615.
805
What is the greatest common divisor of 4851 and 8064?
63
Calculate the greatest common divisor of 4876 and 6164.
92
Calculate the highest common divisor of 1032999 and 69.
69
Calculate the greatest common divisor of 207 and 14835.
69
Calculate the highest common factor of 3036 and 32108.
92
What is the highest common factor of 7045 and 308571?
1409
What is the greatest common divisor of 2880 and 15040?
320
What is the highest common factor of 209 and 151943?
209
Calculate the highest common divisor of 676 and 11128.
52
What is the highest common divisor of 5215 and 22505?
35
Calculate the greatest common factor of 4403 and 112.
7
Calculate the highest common divisor of 1216 and 361.
19
What is the greatest common divisor of 3405 and 165?
15
What is the highest common divisor of 52 and 2024?
4
What is the greatest common divisor of 267640 and 496?
8
Calculate the greatest common factor of 191664 and 3696.
528
What is the greatest common divisor of 1848 and 2808?
24
What is the greatest common divisor of 80 and 122760?
40
What is the highest common factor of 5790 and 330?
30
What is the greatest common factor of 200 and 14440?
40
Calculate the highest common divisor of 42582 and 1410.
282
What is the greatest common factor of 58257 and 51?
3
Calculate the greatest common divisor of 110 and 194865.
55
What is the greatest common factor of 1067 and 62371?
97
What is the greatest common factor of 88238 and 8?
2
What is the greatest common factor of 143800 and 32?
8
Calculate the greatest common divisor of 235 and 79618.
47
Calculate the greatest common divisor of 12285 and 27664.
91
What is the greatest common factor of 95 and 7442395?
95
Calculate the highest common factor of 27 and 300744.
9
What is the greatest common factor of 515 and 1030?
515
What is the greatest common divisor of 6075 and 1950?
75
Calculate the highest common divisor of 117894 and 42.
42
Calculate the highest common factor of 13 and 823537.
13
Calculate the greatest common divisor of 13851 and 1197.
171
What is the highest common divisor of 10404 and 884?
68
Calculate the highest common divisor of 1375 and 67100.
275
Calculate the highest common factor of 2867 and 188.
47
Calculate the greatest common factor of 22 and 10948.
2
Calculate the greatest common factor of 20592 and 47184.
48
What is the highest common divisor of 7375 and 1593?
59
What is the greatest common factor of 101669 and 76?
19
Calculate the highest common divisor of 21 and 115899.
21
Calculate the greatest common factor of 159 and 756.
3
What is the highest common divisor of 259 and 2257?
37
What is the highest common divisor of 2388 and 573?
3
What is the highest common factor of 102 and 986493?
51
Calculate the highest common divisor of 980 and 152460.
140
What is the greatest common factor of 166723 and 1?
1
Calculate the greatest common divisor of 4 and 29980.
4
What is the greatest common divisor of 5296 and 331?
331
What is the greatest common divisor of 30 and 26180?
10
Calculate the greatest common divisor of 5555 and 3073026.
1111
Calculate the highest common factor of 259 and 91231.
7
What is the highest common factor of 47101 and 323?
19
Calculate the greatest common factor of 6705 and 41869.
149
What is the greatest common factor of 569850 and 75?
75
What is the greatest common factor of 75304 and 24?
8
What is the highest common factor of 714955 and 1035?
115
Calculate the highest common divisor of 77238 and 189.
63
What is the highest common divisor of 406 and 42833?
203
What is the greatest common divisor of 6424 and 250184?
88
What is the highest common factor of 4959 and 377?
29
Calculate the highest common divisor of 21360 and 1680.
240
What is the highest common divisor of 71541 and 9?
9
Calculate the greatest common factor of 171 and 1681272.
171
Calculate the highest common factor of 731 and 530491.
43
Calculate the greatest common factor of 9145 and 10540.
155
What is the greatest common factor of 427338 and 36?
18
What is the greatest common divisor of 123698 and 1524?
254
What is the highest common factor of 31806 and 13547?
589
What is the highest common factor of 38927 and 75040?
469
What is the highest common divisor of 80 and 183360?
80
Calculate the greatest common divisor of 21280 and 1505.
35
What is the highest common divisor of 2170 and 44870?
70
Calculate the highest common factor of 454 and 22.
2
What is the highest common factor of 63 and